ighest common divisor of a and 3?
3
Suppose 0 = 5*j - 0*j + 10. Let t = j - -8. Suppose 2*u - 99 = -15. Calculate the highest common divisor of t and u.
6
Suppose 9 = 3*c, -3*d + 14 + 82 = -4*c. What is the highest common factor of d and 9?
9
Let u = 72 - 43. Let x be 874/30 - 68/510. What is the highest common divisor of x and u?
29
Let l = -17 + 18. Let j be (-6 + 5)/(l/(-11)). Calculate the greatest common factor of j and 22.
11
Let o be (11 + 9)*4/10. Calculate the highest common factor of 88 and o.
8
Let x be (-1 + 3/6)*-2. Let m be (2 - x)*(9 - -2). What is the highest common factor of 55 and m?
11
Suppose -3*r + 5*d + 11 = 0, 2*d = r - 1 - 3. Suppose 0*a = a - r. Suppose -a = -p + 11. Calculate the greatest common factor of p and 26.
13
Let s(d) = d + 5. Let v(t) = t**2 + 3*t. Let u be (-4)/(-18) - (-38)/(-9). Let y be v(u). Let b be s(y). What is the greatest common divisor of 9 and b?
9
Suppose -15 = -8*r + 97. Calculate the greatest common divisor of r and 266.
14
Suppose 0 = -2*r + 5*l, -3*r + 17 + 8 = 5*l. Suppose u + r = 32. What is the greatest common factor of u and 216?
27
Let f(m) = -21*m. Let t(d) = -608*d. Let y(r) = 176*f(r) - 6*t(r). Let w be y(-1). Suppose -9*c = -2*c - 224. Calculate the greatest common factor of w and c.
16
Suppose -2*m + 3*d = m - 264, 4*d - 113 = -m. Suppose 4*k - 3*p - m = 0, -p = -4*k - k + 119. Let i = k + -17. What is the highest common divisor of 63 and i?
7
Let p be ((-3)/(-3))/((-1)/2). Let t be p*(-13 - 0)*1. Let x = t + -18. What is the greatest common factor of 48 and x?
8
Suppose 0 = -c - 6 - 3. Let x(i) = i**2 + 5*i. Let a be x(-5). Let z be (a + (0 - 1))*c. Calculate the greatest common factor of 27 and z.
9
Suppose -4*z - 1 = -5. Let m be (-2 + 3)*(-8)/(-2). Suppose -m*w - 5*o = -3*w - 3, -2*w = -5*o - 6. Calculate the greatest common divisor of w and z.
1
Let d(l) = l**3 - 13*l**2 + l - 9. Let s be d(13). Suppose 5*h - a - 135 = -s*a, 0 = -5*h - 4*a + 140. Calculate the highest common divisor of 36 and h.
12
Suppose 0*p + p = 150. Calculate the greatest common factor of 30 and p.
30
Let r(a) = 13*a - 1. Let w(m) = -14*m + 1. Let h(q) = -6*r(q) - 5*w(q). Let n be h(-1). What is the greatest common divisor of 1 and n?
1
Suppose -2*g - 2*g - 172 = -4*p, -4*p + g = -163. Let s be (-18)/(-4) + (-1)/(-2). What is the highest common divisor of s and p?
5
Let n be -1 - 21/(3*-1). Suppose -3*y - 2*y = 0. Let z = n - y. Calculate the greatest common factor of z and 6.
6
Let h be 3 + 417/9 + (-2)/(-3). Let t be (9 + -1)*-1 - 2. Let f = 20 + t. Calculate the greatest common divisor of f and h.
10
Let v = -43 - -108. Suppose 6*o = 2*q + o - v, 0 = q + 4*o - 52. What is the highest common divisor of q and 20?
20
Suppose 3*b = -4*l + 24, 2*l + 6 + 4 = 4*b. Calculate the greatest common factor of b and 16.
4
Let l be 15 - -2*(-8)/4. What is the highest common divisor of 11 and l?
11
Let y(o) = -19*o - 10. Let k be y(-6). What is the greatest common factor of 26 and k?
26
Let g be (-79 - 11)*(-2)/(-4). Let v be (54/g)/(3/(-10)). What is the highest common factor of 36 and v?
4
Suppose -5 = i, 0 = -3*b + b + i + 9. Let c be (-6 + 0)*(-8)/3. Suppose a - c = -5*y, -4 = -b*a + 5*y - y. Calculate the highest common factor of 60 and a.
6
Let n = 168 + -116. Let i = -18 - -31. Suppose -4*l - i = -65. Calculate the highest common factor of l and n.
13
Let j(b) = -b**3 + 6*b**2 - 3*b - 7. Let l be j(5). Suppose h = d - 7, d = l*h + 2 + 1. What is the greatest common factor of 36 and d?
9
Let c(a) = -a**2 + 8*a + 3. Let g(l) = -l**2 + 8*l - 1. Let o be g(7). Let h be c(o). Let m = h + 5. Calculate the greatest common divisor of m and 40.
20
Let g = 935 - 648. Let w = 408 - g. Suppose -2*q - 3*a - 2*a + 47 = 0, -a + 5 = 0. What is the greatest common factor of w and q?
11
Suppose 3*s - s = -q + 8, -q - 4*s = -8. Let y be (21/(-2))/((-6)/q). Calculate the greatest common divisor of y and 2.
2
Suppose -f - 5*t = f + 17, 3*t = 3*f - 27. Suppose -k + 8 = u, -f*u + 0*u = -16. Let i be (-426)/(-15) + (-2)/5. What is the greatest common factor of i and k?
4
Let f(t) = -t**2 - 10*t - 6. Let m be f(-7). Suppose 3*z + 5*u - 20 = 0, 4*z - 17 = -4*u + 23. Calculate the greatest common divisor of z and m.
15
Let i(f) = f**3 + 7*f**2 - 9*f - 7. Let s be i(-8). What is the greatest common divisor of s and 11?
1
Let v(j) = j + 8. Let k be v(-4). Suppose 5*q = q - c + 21, -k*q = -5*c - 15. Calculate the greatest common divisor of q and 20.
5
Let m be ((-50)/15)/((-2)/6). Let k(v) = -2*v**2 + 1 + v + v**2 + m. Let j be k(0). Calculate the highest common factor of 33 and j.
11
Suppose 0*v + 2*v = 0. Suppose v = d + 5 - 19. Calculate the highest common divisor of d and 112.
14
Let r(f) = f**3 + 12*f**2 - 13*f + 10. Let z be r(-13). What is the highest common factor of z and 5?
5
Let m be 162/(-45)*10/(-3). Suppose -b = -5*h - 102, 2*b - h + 0*h - 159 = 0. Let a = b + -53. What is the highest common divisor of a and m?
12
Suppose -p = -3*z + 1 + 3, -p = z. What is the highest common factor of 3 and z?
1
Suppose 11 = 2*f - 25. Suppose -g = 3*a + 2*a + 9, f = 2*g + a. Suppose 0 = -2*d + d + 121. Calculate the highest common factor of d and g.
11
Let y = -41 + 129. Calculate the highest common divisor of y and 8.
8
Let w(s) = -s + 31. Let h be w(10). What is the highest common divisor of 63 and h?
21
Let i(w) = -10*w + 2. Let t be i(-3). Suppose 2*g + 4 = 4*a, -2*g = 3*g - 5*a - 5. Calculate the greatest common factor of t and g.
4
Let t be 1 + 6 + 2 + -2. Let s be (-80)/(-14) - (-2)/t. Let d be (-72)/(-10)*-30*1/(-4). Calculate the highest common divisor of d and s.
6
Let w = 19 - 6. What is the greatest common divisor of 52 and w?
13
Let g(l) = -l + 6. Let b be g(6). Suppose m = 2*a - 12, b = 2*m + 2*m. Calculate the highest common divisor of 54 and a.
6
Suppose 108 = b - 4*t, -2*b = 4*t + t - 281. What is the greatest common factor of b and 16?
16
Let w(r) = -r**2 + 4*r + 5. Let m be w(6). Let k(f) = 2*f**2 + 9*f - 9. Let n be k(m). What is the highest common divisor of n and 39?
13
Let q = -24 - -136. Calculate the highest common factor of 28 and q.
28
Suppose -6*p + 9*p - 51 = 0. What is the greatest common factor of p and 17?
17
Suppose -4 + 13 = 3*a. Suppose a*i = -5*j + 79, 21 = 2*j + 3*i - 16. Let u = 23 - 2. Calculate the greatest common divisor of u and j.
7
Let v = 56 - -43. Calculate the greatest common divisor of v and 66.
33
Let u = -31 - -59. Suppose 4*f + 3*b = 31, 0 = 4*f + b + 7 - u. What is the highest common divisor of 8 and f?
4
Let t be 0/(-2*3/(-6)). Suppose 0 = -4*s + 3*k + 2*k + 21, -3*s + 5*k + 17 = t. Calculate the highest common factor of 2 and s.
2
Suppose -7*w + 125 = -2*w. Calculate the highest common factor of 200 and w.
25
Suppose 0 = -0*q - 3*q + 75. Suppose -11 - 9 = -4*t. Calculate the highest common divisor of q and t.
5
Let a(w) = w**2 - 6*w - 2. Let v be a(7). Let b(z) = -z**3 + 7*z**2 - 9*z + 12. Let r be b(v). What is the highest common divisor of 68 and r?
17
Let i be 1912/20 + 4/10. Let j be (-42)/(-9)*18/7. Calculate the greatest common divisor of i and j.
12
Let c(s) = 10*s**2 - 18*s + 5. Let q be c(4). Calculate the greatest common factor of 62 and q.
31
Let p = 92 - 84. Let f = 30 - 6. Calculate the greatest common divisor of p and f.
8
Suppose 0*s + 88 = 4*n - 4*s, -2*s - 62 = -3*n. Let z be 5 + -1 + -2 - 0. What is the highest common divisor of z and n?
2
Suppose -3*v = -2*s - 434, 3*v - 347 = -2*s + 83. Let k = 41 + -29. Suppose -k = -x + 6. Calculate the highest common divisor of v and x.
18
Let b(o) = -3*o - 3. Let f be b(-3). Calculate the greatest common divisor of f and 30.
6
Suppose -2*f = -4*n - n - 134, -f = -n - 73. Let o = f - 50. What is the highest common factor of o and 9?
9
Let i = -147 - -246. Suppose i - 9 = 3*f. What is the greatest common divisor of 20 and f?
10
Let x = -3 + 4. Suppose -4*j - 4*a + 49 = -9*a, -4*j - 1 = 5*a. Calculate the greatest common divisor of x and j.
1
Let d(t) = -t**3 + 6*t**2 + 8*t + 7. Let k be d(7). What is the greatest common factor of 7 and k?
7
Let l(r) = -r**2 - r + 11. Suppose -f + 6 = -4*f + 3*a, -5*f - 3*a = -6. Let t be l(f). Calculate the greatest common divisor of 55 and t.
11
Suppose 5*b - 2*h - 348 = 0, -b + 282 = 3*b + 2*h. 